 - 96. What is the remainder when i is divided by 5?
1
Suppose 0 = 3*a - 63 + 15. Let f(z) = 23*z**2 - 56*z - 10. Calculate the remainder when f(5) is divided by a.
13
Let h = 6334 - 6316. Let b(u) = 3*u**2 + 11*u + 5. What is the remainder when b(-5) is divided by h?
7
Let q(z) = -23*z + 128. Let u(v) = -8*v + 43. Let k(r) = 6*q(r) - 17*u(r). Suppose -x + 4 = -6. What is the remainder when k(0) is divided by x?
7
Suppose -10*s = 40*j - 36*j - 1262, -3*j = 3*s - 915. Calculate the remainder when j is divided by 4.
2
Suppose 13*o - 325 = -130. What is the remainder when 462 is divided by o?
12
Suppose -o - 4*o = -165. Suppose 49*f - 6853 = 12*f - 785. What is the remainder when f is divided by o?
32
Let h = -342 - -378. Suppose -266 = -h*w + 22*w. Calculate the remainder when 701 is divided by w.
17
Suppose 2*d - 4*z = -2*d + 20, -5*z - 7 = -2*d. Let v(f) = 2*f**2 - 86*f + 423. What is the remainder when 6430/30 - 2/d is divided by v(5)?
42
Let y be -2*((-2)/14 + 2882/(-308)). Let k = -79 + 159. Let v = k - y. What is the remainder when v is divided by 21?
19
Let c(z) = 6*z**2 + 2*z + 10. Let m be c(-3). Let n = m - 54. Suppose n = k - 94. Calculate the remainder when k is divided by 11.
10
Suppose -x = 5*d - 6*x + 335, 236 = -4*d - 4*x. Let j be (-6)/d + 4598/231. What is the remainder when 63 is divided by j - (-1 + (2 - -3))?
15
Let m(h) = -8*h - 117. Let l = 192 + -41. What is the remainder when l is divided by m(-17)?
18
Let u be (1/(-7))/((-2)/(-12))*126. Let b = u - -172. Calculate the remainder when b is divided by 35.
29
Let z be (-75)/(-30)*4*(-2)/(-4). Suppose z*g = 4*u - 2713 + 412, -5*u + g = -2871. Calculate the remainder when u is divided by 17.
13
Let p(v) = -v**2 + 6*v + 9. Let x be p(7). What is the remainder when 174 is divided by (-14)/49*-7*35/x?
34
Let d(m) = 5*m + 14. Suppose -2*o = 3*a - 1, -2*o - 3 = -0*a - a. Let h be (-4 + 66/18)/(o/18). What is the remainder when d(h) is divided by 23?
21
Let m = -263 - -441. What is the remainder when m is divided by 3 + ((-779)/(-95) - (-16)/20)?
10
Suppose 0 = 6*x + 12*x - 8*x - 47180. Calculate the remainder when x is divided by 20.
18
Suppose -40*w + 8*w + 152 = 6*w. What is the remainder when 861 is divided by w?
1
What is the remainder when 667 is divided by 79499/4709 + -4*1/(-34)?
4
Let p(v) = 31*v - 59. Let l be p(2). Suppose l*x - 84 = -11*x. What is the remainder when 23 is divided by x?
5
Let f(g) = g**2 - 4*g - 12. Let w be f(9). Let j = w - 34. What is the remainder when 300/(3 - j) + 0 is divided by 19?
18
What is the remainder when 571 is divided by ((-10)/(-675)*10)/((-2)/(-3))*423?
7
Calculate the remainder when 228 is divided by (-28)/(588/(-161)) + 8/(-3).
3
Let w(z) = 14*z + 82. Let n be w(5). Let d = n + -72. What is the remainder when 237 is divided by d?
77
Suppose 6084 = 3*l - 3*b - 1644, -4*l + 5*b + 10306 = 0. Calculate the remainder when l is divided by 8.
6
Suppose -35*x + 38*x = 15. Suppose 4*o + x*g + 12 - 117 = 0, 3*o = 2*g + 50. Calculate the remainder when o is divided by 7.
6
Let m(q) = -8*q - 7. Suppose 0 = 7*g + 6*g - 59*g + 8878. What is the remainder when g is divided by m(-7)?
46
Suppose 0 = 2*y - 5*t - 39, 45 = 5*y - 4*t - 27. Let p(o) = 10*o**3 - 8 - 4*o - 14*o**3 + 3*o**3 - 5*o**2. Calculate the remainder when p(-7) is divided by y.
10
Let j(w) = w**2 - w + 2. Suppose -32 = -3*n - s, -5*s = 13 - 8. Let p(x) = x**2 - 10*x + 34. What is the remainder when p(n) is divided by j(3)?
5
Let r = 10086 + -10066. What is the remainder when (-87)/(-4) - 1/(-4) is divided by r?
2
Let h(a) = -347*a + 2452. What is the remainder when 1851 is divided by h(7)?
11
Suppose 52*i = 64*i - 48. What is the remainder when 16 is divided by i/(-22) + (-1742)/(-143)?
4
Let y be (1/(3/(-95)))/(5/15). Let d = y + 100. Calculate the remainder when 5 is divided by d.
0
Let c(g) = 80*g**3 + g. Let j be c(1). Let x = 126 - j. What is the remainder when 223 is divided by x?
43
Let w(x) = -x**2 + 4*x + 14. Let j be w(6). Let b(a) = a**2 - 3*a + 6. Let r be b(j). Suppose -r*z = 18 - 106. What is the remainder when 42 is divided by z?
20
Let i(l) = -6*l - 3. Let t(p) = -p**2 - 2. Let y be t(0). Let q(m) = -m**3 + 36*m**2 + 26. What is the remainder when q(36) is divided by i(y)?
8
Let v(l) = -50*l - 49. What is the remainder when v(-15) is divided by 13/((-325)/(-30)) - 444/(-30)?
13
Suppose -5*m + 2*g + 327 = 0, m - 51 - 12 = g. Calculate the remainder when 1740 is divided by m.
65
Suppose 3*r + 30 - 234 = 0. Let x be -1 + r + -3 + 4. Let c = x - 50. Calculate the remainder when 125 is divided by c.
17
Let d = -1 + -1. Suppose 0 = -1877*q + 301*q + 234824. What is the remainder when q is divided by (d + -2)*-10 + -2?
35
Let l(v) = -v + 10. What is the remainder when ((-86)/129)/(1/(-12)) is divided by l(7)?
2
Let r(a) = -a**3 + 16*a**2 - 16*a + 94. Calculate the remainder when 766 is divided by r(15).
55
Let b(m) = m**3 + 26*m**2 + 35*m + 387. Calculate the remainder when b(-25) is divided by 13.
7
Suppose 0 = 214*l - 194*l - 18300. What is the remainder when l is divided by 240?
195
Let p(z) = -z**3 - 2*z**2 + 10*z - 4. Let m be p(2). Suppose -22*k + 27*k + o = 424, m = 3*k - 5*o - 260. What is the remainder when k is divided by 16?
5
Let r = 2480 + -2437. Calculate the remainder when 341 is divided by r.
40
Suppose x - 4*r - 533 = 0, 8*x + 4*r - 2545 = 3*x. Suppose 57 + x = 19*y. What is the remainder when 59 is divided by y?
29
Let r(h) be the first derivative of h**4/2 + 34*h**3/3 - 2*h**2 + 31*h + 62. Calculate the remainder when r(-17) is divided by 18.
9
Let z(r) = -71*r + 7115. What is the remainder when 2713 is divided by z(100)?
13
Suppose -2*l + 0*p + 3*p + 118 = 0, -2*l + 94 = 3*p. Suppose 4*z = 3*w - 193, z + 8 + 39 = w. Let t = 71 + z. What is the remainder when l is divided by t?
15
Let o(w) = -w**3 + 7*w**2 + 3*w - 9. Suppose 3*n - 403 + 385 = 0. What is the remainder when 52 is divided by o(n)?
7
Let q(t) = 4*t**2 + 80*t - 81. Calculate the remainder when 113 is divided by q(-21).
2
Calculate the remainder when 346 is divided by (-6)/((-90)/(-215))*-6 - 2 - -3.
85
Let o(j) = -40*j - 636. Calculate the remainder when o(-30) is divided by 552.
12
Let r be (-15)/6*(-6)/5. Suppose -r*u + 5*v = -0*v - 134, -4*u - 5*v + 202 = 0. Suppose 342 = 30*z - 11*z. Calculate the remainder when u is divided by z.
12
Suppose -3*r + 0 = -4*u - 2, -2*r + u = -8. Let d(s) be the first derivative of 2*s**2 + 57*s + 551. Calculate the remainder when d(r) is divided by 21.
18
Suppose -5*t + 14 = 29. What is the remainder when 37 + (3 - 8/4)*t is divided by 22?
12
Suppose 21*h + 516 - 1605 = 1053. Let n = -41 - -72. Calculate the remainder when h is divided by n.
9
Suppose -712 = -4*o + 2*y, y - 228 = -4*o + 472. Calculate the remainder when o is divided by 73.
30
What is the remainder when 1399 is divided by (-1590)/(-66) + -10 - (-5 + 280/55)?
13
Suppose -1414 = 7*s + 1036. Let j = s + 361. Calculate the remainder when 140 is divided by j.
8
Suppose -296 = r - 318. Suppose -1867 - 83 = -10*s. What is the remainder when s is divided by r?
19
Let s be -4 + (43 - 9/3). What is the remainder when s + (3 - 1)*3/(-6) is divided by (0 - -9)*(-14)/(-6)?
14
Let b(t) = 14*t - 117. Let p be b(10). Let d(r) = 2*r**2 - 36*r - 89. Calculate the remainder when d(p) is divided by 47.
0
Suppose 5*z = -g - 0*g + 84, -3*g = z - 14. Suppose 0 = -2*r + 6*r + 384. Let u = r - -146. What is the remainder when u is divided by z?
16
Suppose 2*h = t - 75, 4*h = -t + 47 + 22. Calculate the remainder when t is divided by 43.
30
Let i be 31 - 4/(-3)*3. Suppose i = 4*k - 5. Suppose 5*z + 145 = 5*r, z - 3*z = k. What is the remainder when r is divided by 9?
6
Suppose -3*p = 3*p - 2562. Let c = p + -400. Calculate the remainder when 74 is divided by c.
20
Suppose 94 = 2*d - 2*h + 36, h = -d + 25. Let p = 6 - 3. Let k = p - -7. Calculate the remainder when d is divided by k.
7
Let x = 13 - 3. Suppose -11*a = -16*a + 535. Suppose 4*v + 3*i = -2*i + a, -5*v = -4*i - 144. What is the remainder when v is divided by x?
8
What is the remainder when 1463 is divided by 18*(3/(-7))/((-17)/((-952)/(-48)))?
5
Let t(j) = 5709*j**2 - 197*j - 192. Calculate the remainder when t(-1) is divided by 44.
38
Let d be 10 + -11 +